{"id":3983,"date":"2016-01-16T18:47:24","date_gmt":"2016-01-16T17:47:24","guid":{"rendered":"http:\/\/www.st-pedagozi.net\/?page_id=3983"},"modified":"2025-02-27T16:21:53","modified_gmt":"2025-02-27T15:21:53","slug":"pripravnici-2","status":"publish","type":"page","link":"http:\/\/www.st-pedagozi.net\/?page_id=3983","title":{"rendered":"Pripravnici"},"content":{"rendered":"<table style=\"height: 265px;\" width=\"924\" cellspacing=\"0\" cellpadding=\"1\">\r\n<tbody>\r\n<tr>\r\n<td>\r\n\r\n<div id=\"attachment_6748\" style=\"width: 296px\" class=\"wp-caption alignleft\"><a href=\"http:\/\/www.st-pedagozi.net\/wp-content\/uploads\/2025\/02\/Snimka-cijelog-zaslona-27.2.2025.-153803.jpg\"><img loading=\"lazy\" decoding=\"async\" aria-describedby=\"caption-attachment-6748\" class=\"wp-image-6748 \" src=\"http:\/\/www.st-pedagozi.net\/wp-content\/uploads\/2025\/02\/Snimka-cijelog-zaslona-27.2.2025.-153803-300x167.jpg\" alt=\"prezentacija\" width=\"286\" height=\"159\" srcset=\"http:\/\/www.st-pedagozi.net\/wp-content\/uploads\/2025\/02\/Snimka-cijelog-zaslona-27.2.2025.-153803-300x167.jpg 300w, http:\/\/www.st-pedagozi.net\/wp-content\/uploads\/2025\/02\/Snimka-cijelog-zaslona-27.2.2025.-153803.jpg 514w\" sizes=\"(max-width: 286px) 100vw, 286px\" \/><\/a><p id=\"caption-attachment-6748\" class=\"wp-caption-text\"><span style=\"color: #ff0000;\"><strong><a style=\"color: #ff0000;\" href=\"http:\/\/www.st-pedagozi.net\/wp-content\/uploads\/2025\/02\/SI-2025.pdf\">prezentacija<\/a><\/strong><\/span><\/p><\/div><\/td>\r\n<td><div id=\"attachment_3987\" style=\"width: 282px\" class=\"wp-caption aligncenter\"><a href=\"http:\/\/www.st-pedagozi.net\/wp-content\/uploads\/2016\/01\/PowerPointova-dijaprojekcija-ORGANIZACIJA-RADA-\u0160KOLE-I-ZAKONSKI-PROPISI-16.1.2016.-175515.jpg\"><img loading=\"lazy\" decoding=\"async\" aria-describedby=\"caption-attachment-3987\" class=\"wp-image-3987\" src=\"http:\/\/www.st-pedagozi.net\/wp-content\/uploads\/2016\/01\/PowerPointova-dijaprojekcija-ORGANIZACIJA-RADA-\u0160KOLE-I-ZAKONSKI-PROPISI-16.1.2016.-175515-300x224.jpg\" alt=\"PowerPointova dijaprojekcija - [ORGANIZACIJA RADA \u0160KOLE I ZAKONSKI PROPISI] 16.1.2016. 175515\" width=\"272\" height=\"203\" srcset=\"http:\/\/www.st-pedagozi.net\/wp-content\/uploads\/2016\/01\/PowerPointova-dijaprojekcija-ORGANIZACIJA-RADA-\u0160KOLE-I-ZAKONSKI-PROPISI-16.1.2016.-175515-300x224.jpg 300w, http:\/\/www.st-pedagozi.net\/wp-content\/uploads\/2016\/01\/PowerPointova-dijaprojekcija-ORGANIZACIJA-RADA-\u0160KOLE-I-ZAKONSKI-PROPISI-16.1.2016.-175515-1024x765.jpg 1024w, http:\/\/www.st-pedagozi.net\/wp-content\/uploads\/2016\/01\/PowerPointova-dijaprojekcija-ORGANIZACIJA-RADA-\u0160KOLE-I-ZAKONSKI-PROPISI-16.1.2016.-175515.jpg 1181w\" sizes=\"(max-width: 272px) 100vw, 272px\" \/><\/a><p id=\"caption-attachment-3987\" class=\"wp-caption-text\"><a href=\"http:\/\/www.st-pedagozi.net\/wp-content\/uploads\/2015\/02\/ORGANIZACIJA-RADA-\u0160KOLE-I-ZAKONSKI-PROPISI.pdf\"><strong><span style=\"color: #ff0000;\">prezentacija<\/span><\/strong><\/a><\/p><\/div><\/td>\r\n<td><div id=\"attachment_3996\" style=\"width: 273px\" class=\"wp-caption aligncenter\"><a href=\"http:\/\/www.st-pedagozi.net\/wp-content\/uploads\/2016\/01\/Microsoft-PowerPoint-Pripravnici-pedagozi.ppt1-Na\u010din-kompatibilnosti-16.1.2016.-175534.jpg\"><img loading=\"lazy\" decoding=\"async\" aria-describedby=\"caption-attachment-3996\" class=\"wp-image-3996\" src=\"http:\/\/www.st-pedagozi.net\/wp-content\/uploads\/2016\/01\/Microsoft-PowerPoint-Pripravnici-pedagozi.ppt1-Na\u010din-kompatibilnosti-16.1.2016.-175534-300x188.jpg\" alt=\"Microsoft PowerPoint - [Pripravnici - pedagozi.ppt1 [Na\u010din kompatibilnosti]] 16.1.2016. 175534\" width=\"263\" height=\"165\" srcset=\"http:\/\/www.st-pedagozi.net\/wp-content\/uploads\/2016\/01\/Microsoft-PowerPoint-Pripravnici-pedagozi.ppt1-Na\u010din-kompatibilnosti-16.1.2016.-175534-300x188.jpg 300w, http:\/\/www.st-pedagozi.net\/wp-content\/uploads\/2016\/01\/Microsoft-PowerPoint-Pripravnici-pedagozi.ppt1-Na\u010din-kompatibilnosti-16.1.2016.-175534.jpg 968w\" sizes=\"(max-width: 263px) 100vw, 263px\" \/><\/a><p id=\"caption-attachment-3996\" class=\"wp-caption-text\"><a href=\"http:\/\/www.st-pedagozi.net\/wp-content\/uploads\/2025\/02\/Pripravnici-pedagozi-2.ppt1_.pdf\"><strong><span style=\"color: #ff0000;\">prezentacija<\/span><\/strong><\/a><\/p><\/div><\/td>\r\n<\/tr>\r\n<\/tbody>\r\n<\/table>\r\n&nbsp;\r\n<table style=\"height: 283px;\" width=\"937\" cellspacing=\"0\" cellpadding=\"1\">\r\n<tbody>\r\n<tr>\r\n<td><div id=\"attachment_4010\" style=\"width: 280px\" class=\"wp-caption aligncenter\"><a href=\"http:\/\/www.st-pedagozi.net\/wp-content\/uploads\/2016\/01\/Microsoft-PowerPoint-Prakti\u010dni-rad-i-radionica-pedagozi-16.1.2016.-190141.jpg\"><img loading=\"lazy\" decoding=\"async\" aria-describedby=\"caption-attachment-4010\" class=\"wp-image-4010\" src=\"http:\/\/www.st-pedagozi.net\/wp-content\/uploads\/2016\/01\/Microsoft-PowerPoint-Prakti\u010dni-rad-i-radionica-pedagozi-16.1.2016.-190141-300x226.jpg\" alt=\"Microsoft PowerPoint - [Prakti\u010dni rad i radionica - pedagozi] 16.1.2016. 190141\" width=\"270\" height=\"203\" srcset=\"http:\/\/www.st-pedagozi.net\/wp-content\/uploads\/2016\/01\/Microsoft-PowerPoint-Prakti\u010dni-rad-i-radionica-pedagozi-16.1.2016.-190141-300x226.jpg 300w, http:\/\/www.st-pedagozi.net\/wp-content\/uploads\/2016\/01\/Microsoft-PowerPoint-Prakti\u010dni-rad-i-radionica-pedagozi-16.1.2016.-190141.jpg 810w\" sizes=\"(max-width: 270px) 100vw, 270px\" \/><\/a><p id=\"caption-attachment-4010\" class=\"wp-caption-text\"><a href=\"http:\/\/www.st-pedagozi.net\/wp-content\/uploads\/2015\/02\/Prakti\u010dni-rad-i-radionica.pdf\"><strong>\u00a0prezentacija<\/strong><\/a><\/p><\/div><\/td>\r\n<td>\r\n\r\n<div id=\"attachment_4285\" style=\"width: 284px\" class=\"wp-caption aligncenter\"><a href=\"http:\/\/www.st-pedagozi.net\/wp-content\/uploads\/2016\/01\/PowerPointova-dijaprojekcija-prakticnirad_priprema_IBK-1-Samo-za-\u010ditanje-5.11.2016.-181522.jpg\"><img loading=\"lazy\" decoding=\"async\" aria-describedby=\"caption-attachment-4285\" class=\"wp-image-4285\" src=\"http:\/\/www.st-pedagozi.net\/wp-content\/uploads\/2016\/01\/PowerPointova-dijaprojekcija-prakticnirad_priprema_IBK-1-Samo-za-\u010ditanje-5.11.2016.-181522-300x214.jpg\" alt=\"powerpointova-dijaprojekcija-prakticnirad_priprema_ibk-1-samo-za-citanje-5-11-2016-181522\" width=\"274\" height=\"196\" srcset=\"http:\/\/www.st-pedagozi.net\/wp-content\/uploads\/2016\/01\/PowerPointova-dijaprojekcija-prakticnirad_priprema_IBK-1-Samo-za-\u010ditanje-5.11.2016.-181522-300x214.jpg 300w, http:\/\/www.st-pedagozi.net\/wp-content\/uploads\/2016\/01\/PowerPointova-dijaprojekcija-prakticnirad_priprema_IBK-1-Samo-za-\u010ditanje-5.11.2016.-181522.jpg 1024w\" sizes=\"(max-width: 274px) 100vw, 274px\" \/><\/a><p id=\"caption-attachment-4285\" class=\"wp-caption-text\"><a href=\"http:\/\/www.st-pedagozi.net\/wp-content\/uploads\/2025\/02\/prakticnirad_priprema_IBK.pdf\"><strong><span style=\"color: #800000;\">prezentacija<\/span><\/strong><\/a> provedba istra\u017eivanja <strong><a href=\"http:\/\/www.st-pedagozi.net\/wp-content\/uploads\/2025\/02\/PROVEDBA-ISTRAZIVANJA.pdf\">upute<\/a><\/strong> <a href=\"http:\/\/www.st-pedagozi.net\/wp-content\/uploads\/2025\/02\/smjernice_razlikovnidio_strucniispit-DV.pdf\"><span style=\"color: #003300;\"><strong>Smjernice<\/strong><\/span> &#8211; razlikovni dio DV<\/a><\/p><\/div><\/td>\r\n<td>\r\n\r\n<div id=\"attachment_4008\" style=\"width: 280px\" class=\"wp-caption aligncenter\"><a href=\"http:\/\/www.st-pedagozi.net\/wp-content\/uploads\/2016\/01\/Slide-1-jezic48dni-savjeti-za-pisani-dio-struc48dnog-ispita.pdf-Mozilla-Firefox-16.1.2016.-175452.jpg\"><img loading=\"lazy\" decoding=\"async\" aria-describedby=\"caption-attachment-4008\" class=\"wp-image-4008\" src=\"http:\/\/www.st-pedagozi.net\/wp-content\/uploads\/2016\/01\/Slide-1-jezic48dni-savjeti-za-pisani-dio-struc48dnog-ispita.pdf-Mozilla-Firefox-16.1.2016.-175452-300x223.jpg\" alt=\"Slide 1 - jezic48dni-savjeti-za-pisani-dio-struc48dnog-ispita.pdf - Mozilla Firefox 16.1.2016. 175452\" width=\"270\" height=\"201\" srcset=\"http:\/\/www.st-pedagozi.net\/wp-content\/uploads\/2016\/01\/Slide-1-jezic48dni-savjeti-za-pisani-dio-struc48dnog-ispita.pdf-Mozilla-Firefox-16.1.2016.-175452-300x223.jpg 300w, http:\/\/www.st-pedagozi.net\/wp-content\/uploads\/2016\/01\/Slide-1-jezic48dni-savjeti-za-pisani-dio-struc48dnog-ispita.pdf-Mozilla-Firefox-16.1.2016.-175452.jpg 987w\" sizes=\"(max-width: 270px) 100vw, 270px\" \/><\/a><p id=\"caption-attachment-4008\" class=\"wp-caption-text\"><strong><span style=\"color: #800000;\"><a href=\"http:\/\/www.st-pedagozi.net\/wp-content\/uploads\/2011\/04\/jezic48dni-savjeti-za-pisani-dio-struc48dnog-ispita.pdf\">prezentacija<\/a><\/span><\/strong><\/p><\/div><\/td>\r\n<\/tr>\r\n<\/tbody>\r\n<\/table>\r\n&nbsp;\r\n<table style=\"height: 255px;\" width=\"600\" cellspacing=\"0\" cellpadding=\"1\">\r\n<tbody>\r\n<tr>\r\n<td>\u00a0<div id=\"attachment_4074\" style=\"width: 281px\" class=\"wp-caption aligncenter\"><a href=\"http:\/\/www.st-pedagozi.net\/wp-content\/uploads\/2016\/01\/Microsoft-PowerPoint-rmentor-pripravniku-agnes-1-27.1.2016.-204049.jpg\"><img loading=\"lazy\" decoding=\"async\" aria-describedby=\"caption-attachment-4074\" class=\"wp-image-4074\" src=\"http:\/\/www.st-pedagozi.net\/wp-content\/uploads\/2016\/01\/Microsoft-PowerPoint-rmentor-pripravniku-agnes-1-27.1.2016.-204049-300x224.jpg\" alt=\"Microsoft PowerPoint - [rmentor pripravniku agnes-1] 27.1.2016. 204049\" width=\"271\" height=\"202\" srcset=\"http:\/\/www.st-pedagozi.net\/wp-content\/uploads\/2016\/01\/Microsoft-PowerPoint-rmentor-pripravniku-agnes-1-27.1.2016.-204049-300x224.jpg 300w, http:\/\/www.st-pedagozi.net\/wp-content\/uploads\/2016\/01\/Microsoft-PowerPoint-rmentor-pripravniku-agnes-1-27.1.2016.-204049.jpg 807w\" sizes=\"(max-width: 271px) 100vw, 271px\" \/><\/a><p id=\"caption-attachment-4074\" class=\"wp-caption-text\"><a href=\"http:\/\/www.st-pedagozi.net\/wp-content\/uploads\/2011\/04\/mentor-i-pripravnik.pdf\"><strong><span style=\"color: #800000;\">prezentacija<\/span><\/strong><\/a><\/p><\/div><\/td>\r\n<td>\u00a0<div id=\"attachment_4007\" style=\"width: 281px\" class=\"wp-caption aligncenter\"><a href=\"http:\/\/www.st-pedagozi.net\/wp-content\/uploads\/2016\/01\/Microsoft-PowerPoint-Preporuke-za-strucni-16.1.2016.-180356.jpg\"><img loading=\"lazy\" decoding=\"async\" aria-describedby=\"caption-attachment-4007\" class=\"wp-image-4007\" src=\"http:\/\/www.st-pedagozi.net\/wp-content\/uploads\/2016\/01\/Microsoft-PowerPoint-Preporuke-za-strucni-16.1.2016.-180356-300x225.jpg\" alt=\"Microsoft PowerPoint - [Preporuke za strucni] 16.1.2016. 180356\" width=\"271\" height=\"203\" srcset=\"http:\/\/www.st-pedagozi.net\/wp-content\/uploads\/2016\/01\/Microsoft-PowerPoint-Preporuke-za-strucni-16.1.2016.-180356-300x225.jpg 300w, http:\/\/www.st-pedagozi.net\/wp-content\/uploads\/2016\/01\/Microsoft-PowerPoint-Preporuke-za-strucni-16.1.2016.-180356.jpg 809w\" sizes=\"(max-width: 271px) 100vw, 271px\" \/><\/a><p id=\"caption-attachment-4007\" class=\"wp-caption-text\"><a href=\"http:\/\/www.st-pedagozi.net\/wp-content\/uploads\/2025\/02\/Pisani-rad-na-strucnom-ispitu-2.pdf\"><strong><span style=\"color: #0000ff;\">prezentacija (pisani rad, prakti\u010dan rad)<\/span><\/strong><\/a><\/p><\/div><\/td>\r\n<td>\r\n\r\n<div id=\"attachment_4674\" style=\"width: 281px\" class=\"wp-caption alignleft\"><a href=\"http:\/\/www.st-pedagozi.net\/wp-content\/uploads\/2016\/01\/Microsoft-PowerPoint-AZOO-str.skup-03.02.2017.-Pedagozi-pripravnici-i-mentori-rani-i-pred\u0161kolski-odgoj-4.3.2017.-181630.jpg\"><img loading=\"lazy\" decoding=\"async\" aria-describedby=\"caption-attachment-4674\" class=\"wp-image-4674\" src=\"http:\/\/www.st-pedagozi.net\/wp-content\/uploads\/2016\/01\/Microsoft-PowerPoint-AZOO-str.skup-03.02.2017.-Pedagozi-pripravnici-i-mentori-rani-i-pred\u0161kolski-odgoj-4.3.2017.-181630-300x224.jpg\" width=\"271\" height=\"202\" srcset=\"http:\/\/www.st-pedagozi.net\/wp-content\/uploads\/2016\/01\/Microsoft-PowerPoint-AZOO-str.skup-03.02.2017.-Pedagozi-pripravnici-i-mentori-rani-i-pred\u0161kolski-odgoj-4.3.2017.-181630-300x224.jpg 300w, http:\/\/www.st-pedagozi.net\/wp-content\/uploads\/2016\/01\/Microsoft-PowerPoint-AZOO-str.skup-03.02.2017.-Pedagozi-pripravnici-i-mentori-rani-i-pred\u0161kolski-odgoj-4.3.2017.-181630-768x573.jpg 768w, http:\/\/www.st-pedagozi.net\/wp-content\/uploads\/2016\/01\/Microsoft-PowerPoint-AZOO-str.skup-03.02.2017.-Pedagozi-pripravnici-i-mentori-rani-i-pred\u0161kolski-odgoj-4.3.2017.-181630.jpg 850w\" sizes=\"(max-width: 271px) 100vw, 271px\" \/><\/a><p id=\"caption-attachment-4674\" class=\"wp-caption-text\"><a href=\"http:\/\/www.st-pedagozi.net\/wp-content\/uploads\/2025\/02\/AZOO-str.skup-03.02.2017.-Pedagozi-pripravnici-i-mentori-rani-i-predskolski-odgoj.pdf\"><strong><span style=\"color: #3366ff;\">prezentacija<\/span><\/strong><\/a><\/p><\/div><\/td>\r\n<\/tr>\r\n<\/tbody>\r\n<\/table>\r\n<table style=\"height: 283px;\" width=\"422\" cellspacing=\"0\" cellpadding=\"1\">\r\n<tbody>\r\n<tr>\r\n<td>\r\n<h3 style=\"text-align: justify;\"><span style=\"color: #333399;\"><strong>\u00a0OBRASCI<\/strong><\/span><\/h3>\r\n<h6 style=\"text-align: justify;\"><span style=\"color: #800080;\"><a style=\"color: #800080;\" href=\"http:\/\/www.st-pedagozi.net\/wp-content\/uploads\/2016\/01\/Rje\u0161enje-o-imenovanju-povjerenstva-1.docx\">Rje\u0161enje o imenovanju povjerenstva<\/a><\/span><\/h6>\r\n<h6 style=\"text-align: justify;\"><span style=\"color: #800080;\"><a style=\"color: #800080;\" href=\"http:\/\/www.st-pedagozi.net\/wp-content\/uploads\/2016\/01\/PROGRAM-PRIPRAVNI\u010cKOG-STA\u017dA.xls-Pervan.xlsx\">PROGRAM PRIPRAVNI\u010cKOG STA\u017dA <span style=\"text-decoration: underline;\">-srednja \u0161kola<\/span><\/a><\/span><\/h6>\r\n<h6><span style=\"color: #800080;\"><a style=\"color: #800080;\" href=\"http:\/\/www.st-pedagozi.net\/wp-content\/uploads\/2016\/01\/EVIDENCIJA-OSTVARIVANJA-PROGRAMA-STA\u017dIRANJA-pedagozi.docx\">EVIDENCIJA OSTVARIVANJA PROGRAMA STA\u017dIRANJA-pedagozi<\/a><\/span><\/h6>\r\n<strong><span style=\"color: #993366;\"><a style=\"color: #993366;\" href=\"http:\/\/www.st-pedagozi.net\/wp-content\/uploads\/2016\/01\/prazno-izvjesce-pripravnik.docx\">Prazno izvjesce &#8211;\u00a0 pripravnik<\/a><\/span><\/strong><\/td>\r\n<\/tr>\r\n<\/tbody>\r\n<\/table>","protected":false},"excerpt":{"rendered":"<p>&nbsp; &nbsp; \u00a0 \u00a0 \u00a0OBRASCI Rje\u0161enje o imenovanju povjerenstva PROGRAM PRIPRAVNI\u010cKOG STA\u017dA -srednja \u0161kola EVIDENCIJA OSTVARIVANJA PROGRAMA STA\u017dIRANJA-pedagozi Prazno izvjesce &#8211;\u00a0 pripravnik<\/p>\n","protected":false},"author":1,"featured_media":0,"parent":0,"menu_order":0,"comment_status":"open","ping_status":"open","template":"page-without-sidebar.php","meta":{"footnotes":""},"_links":{"self":[{"href":"http:\/\/www.st-pedagozi.net\/index.php?rest_route=\/wp\/v2\/pages\/3983"}],"collection":[{"href":"http:\/\/www.st-pedagozi.net\/index.php?rest_route=\/wp\/v2\/pages"}],"about":[{"href":"http:\/\/www.st-pedagozi.net\/index.php?rest_route=\/wp\/v2\/types\/page"}],"author":[{"embeddable":true,"href":"http:\/\/www.st-pedagozi.net\/index.php?rest_route=\/wp\/v2\/users\/1"}],"replies":[{"embeddable":true,"href":"http:\/\/www.st-pedagozi.net\/index.php?rest_route=%2Fwp%2Fv2%2Fcomments&post=3983"}],"version-history":[{"count":47,"href":"http:\/\/www.st-pedagozi.net\/index.php?rest_route=\/wp\/v2\/pages\/3983\/revisions"}],"predecessor-version":[{"id":5281,"href":"http:\/\/www.st-pedagozi.net\/index.php?rest_route=\/wp\/v2\/pages\/3983\/revisions\/5281"}],"wp:attachment":[{"href":"http:\/\/www.st-pedagozi.net\/index.php?rest_route=%2Fwp%2Fv2%2Fmedia&parent=3983"}],"curies":[{"name":"wp","href":"https:\/\/api.w.org\/{rel}","templated":true}]}}