{"id":418,"date":"2011-04-02T17:53:37","date_gmt":"2011-04-02T17:53:37","guid":{"rendered":"http:\/\/stpedagozi.wordpress.com\/?page_id=418"},"modified":"2020-01-19T17:30:50","modified_gmt":"2020-01-19T16:30:50","slug":"za-ucenike","status":"publish","type":"page","link":"http:\/\/www.st-pedagozi.net\/?page_id=418","title":{"rendered":"Dioklecijanova \u0161krinjica"},"content":{"rendered":"<h5><span style=\"color: #800000;\">Materijali za u\u010ditelje i u\u010denike:<\/span><\/h5>\r\n<h5><strong><a href=\"https:\/\/www.slideshare.net\/BorisArai\/dioklecijanova-krinjica\">Dioklecijanova \u0161krinjica (autor: Bo\u017ee Ujevi\u0107) &#8211; bro\u0161ura za u\u010denike<\/a><a href=\"https:\/\/www.slideshare.net\/BorisArai\/dioklecijanova-krinjica\"><img loading=\"lazy\" decoding=\"async\" class=\"aligncenter wp-image-5415 size-medium\" src=\"http:\/\/www.st-pedagozi.net\/wp-content\/uploads\/2020\/01\/Dioklecijanova-\u0161krinjica-Mozilla-Firefox-19.1.2020.-170049-270x300.jpg\" alt=\"\" width=\"270\" height=\"300\" srcset=\"http:\/\/www.st-pedagozi.net\/wp-content\/uploads\/2020\/01\/Dioklecijanova-\u0161krinjica-Mozilla-Firefox-19.1.2020.-170049-270x300.jpg 270w, http:\/\/www.st-pedagozi.net\/wp-content\/uploads\/2020\/01\/Dioklecijanova-\u0161krinjica-Mozilla-Firefox-19.1.2020.-170049.jpg 575w\" sizes=\"(max-width: 270px) 100vw, 270px\" \/><\/a><\/strong>\r\n&nbsp;<\/h5>\r\n<h5><span style=\"color: #800000;\"><strong>1. Animacija 3D modela Dioklecijanove pala\u010de u Splitu<\/strong><\/span>\r\n&nbsp;<\/h5>\r\n<iframe loading=\"lazy\" src=\"https:\/\/www.youtube.com\/embed\/-EFbf1arcsw\" allowfullscreen=\"allowfullscreen\" width=\"560\" height=\"315\" frameborder=\"0\"><\/iframe>\r\n<h4>&nbsp;<\/h4>\r\n<h5><span style=\"color: #000080;\">2<a href=\"http:\/\/www.st-pedagozi.net\/wp-content\/uploads\/2020\/01\/DIOKECIJANOVA-PALA\u010cA-prvi-dio.pdf\">. Prezentacija za u\u010denike<\/a><\/span><\/h5>\r\n<a href=\"http:\/\/www.st-pedagozi.net\/wp-content\/uploads\/2020\/01\/DIOKECIJANOVA-PALA\u010cA-prvi-dio.pdf\"><img loading=\"lazy\" decoding=\"async\" class=\"alignleft wp-image-5296 size-medium\" src=\"http:\/\/www.st-pedagozi.net\/wp-content\/uploads\/2020\/01\/Microsoft-PowerPoint-DIOKECIJANOVA-PALA\u010cA-uvod-16.1.2020.-185820-300x224.jpg\" alt=\"\" width=\"300\" height=\"224\" srcset=\"http:\/\/www.st-pedagozi.net\/wp-content\/uploads\/2020\/01\/Microsoft-PowerPoint-DIOKECIJANOVA-PALA\u010cA-uvod-16.1.2020.-185820-300x224.jpg 300w, http:\/\/www.st-pedagozi.net\/wp-content\/uploads\/2020\/01\/Microsoft-PowerPoint-DIOKECIJANOVA-PALA\u010cA-uvod-16.1.2020.-185820.jpg 640w\" sizes=\"(max-width: 300px) 100vw, 300px\" \/><\/a>\r\n\r\n&nbsp;\r\n<h4>&nbsp;<\/h4>\r\n<h4>&nbsp;<\/h4>\r\n<h4>&nbsp;<\/h4>\r\n<h4>&nbsp;<\/h4>\r\n<h4>&nbsp;<\/h4>\r\n<h4>&nbsp;<\/h4>\r\n&nbsp;\r\n\r\n&nbsp;\r\n<h5><span style=\"color: #ff0000;\">3. Pridru\u017eivanje parova<\/span><\/h5>\r\n&nbsp;\r\n\r\n<iframe loading=\"lazy\" src=\"https:\/\/wordwall.net\/embed\/3190e488ba4d4fa286510644db5cf128?themeId=1&amp;templateId=3\" allowfullscreen=\"allowfullscreen\" width=\"500\" height=\"380\" frameborder=\"0\"><\/iframe>\r\n&nbsp;\r\n<h4>&nbsp;<\/h4>\r\n<h4>4. Pala\u010da &#8211; rekonstrukcija (spajanje naziva s prostorima Pala\u010de)<\/h4>\r\n<h4>&nbsp;<\/h4>\r\n&nbsp;\r\n<iframe loading=\"lazy\" src=\"https:\/\/wordwall.net\/hr\/embed\/1fad826b12e54e058d34365f2f48311f?themeId=1&amp;templateId=22\" allowfullscreen=\"allowfullscreen\" width=\"500\" height=\"380\" frameborder=\"0\"><\/iframe>\r\n<h4>&nbsp;<\/h4>\r\n&nbsp;\r\n<h4><span style=\"color: #ff6600;\">3. Pala\u010da &#8211; kviz<\/span><\/h4>\r\n&nbsp;\r\n<iframe loading=\"lazy\" src=\"https:\/\/wordwall.net\/hr\/embed\/71ca0ac667714a2faf586cbe164f60b1?themeId=1&amp;templateId=5\" allowfullscreen=\"allowfullscreen\" width=\"500\" height=\"380\" frameborder=\"0\"><\/iframe>","protected":false},"excerpt":{"rendered":"<p>Materijali za u\u010ditelje i u\u010denike: Dioklecijanova \u0161krinjica (autor: Bo\u017ee Ujevi\u0107) &#8211; bro\u0161ura za u\u010denike &nbsp; 1. Animacija 3D modela Dioklecijanove pala\u010de u Splitu &nbsp; &nbsp; 2. Prezentacija za u\u010denike &nbsp; &nbsp; &nbsp; &nbsp; &nbsp; &nbsp; &nbsp; &nbsp; &nbsp; 3. Pridru\u017eivanje &hellip;<\/p>\n<p class=\"read-more\"><a href=\"http:\/\/www.st-pedagozi.net\/?page_id=418\">Read more &raquo;<\/a><\/p>\n","protected":false},"author":2,"featured_media":0,"parent":373,"menu_order":0,"comment_status":"open","ping_status":"open","template":"","meta":{"footnotes":""},"_links":{"self":[{"href":"http:\/\/www.st-pedagozi.net\/index.php?rest_route=\/wp\/v2\/pages\/418"}],"collection":[{"href":"http:\/\/www.st-pedagozi.net\/index.php?rest_route=\/wp\/v2\/pages"}],"about":[{"href":"http:\/\/www.st-pedagozi.net\/index.php?rest_route=\/wp\/v2\/types\/page"}],"author":[{"embeddable":true,"href":"http:\/\/www.st-pedagozi.net\/index.php?rest_route=\/wp\/v2\/users\/2"}],"replies":[{"embeddable":true,"href":"http:\/\/www.st-pedagozi.net\/index.php?rest_route=%2Fwp%2Fv2%2Fcomments&post=418"}],"version-history":[{"count":54,"href":"http:\/\/www.st-pedagozi.net\/index.php?rest_route=\/wp\/v2\/pages\/418\/revisions"}],"predecessor-version":[{"id":5430,"href":"http:\/\/www.st-pedagozi.net\/index.php?rest_route=\/wp\/v2\/pages\/418\/revisions\/5430"}],"up":[{"embeddable":true,"href":"http:\/\/www.st-pedagozi.net\/index.php?rest_route=\/wp\/v2\/pages\/373"}],"wp:attachment":[{"href":"http:\/\/www.st-pedagozi.net\/index.php?rest_route=%2Fwp%2Fv2%2Fmedia&parent=418"}],"curies":[{"name":"wp","href":"https:\/\/api.w.org\/{rel}","templated":true}]}}