{"id":751,"date":"2011-05-23T19:30:41","date_gmt":"2011-05-23T19:30:41","guid":{"rendered":"http:\/\/stpedagozi.wordpress.com\/?page_id=751"},"modified":"2011-05-23T19:30:41","modified_gmt":"2011-05-23T19:30:41","slug":"o-nama","status":"publish","type":"page","link":"http:\/\/www.st-pedagozi.net\/?page_id=751","title":{"rendered":"O nama"},"content":{"rendered":"<p style=\"text-align:justify;\"><strong>Pedago\u0161ki svijet<\/strong> nastao je kao potreba da se sazna tko su, \u0161to rade i s kojim problemima se susre\u0107u pedagozi Splitsko-dalmatinske \u017eupanije. Htjeli smo zabilje\u017eiti sve ono dobro i kvalitetno \u0161to nastaje u na\u0161im \u0161kolama kao primjere dobre prakse, podijeliti novosti i informacije te prenijeti zanimljivosti s na\u0161ih stru\u010dnih usavr\u0161avanja. Ideja se ra\u0111ala dugo, ali naravno ni\u0161ta se ne doga\u0111a samo od sebe, pa tako ni ovog na\u0161eg &#8220;svijeta&#8221; ne bi bilo da nije bilo truda, dobre volje i kreativnosti na\u0161e voditeljice \u017eupanijskog stru\u010dnog vije\u0107a Agnes Jela\u010di\u0107. Ona je udarila temelje i zapo\u010dela slagati opeke, za koje se\u00a0 nadamo, da \u0107e s vremenom\u00a0 zaista prerasti u svijet u kojem \u0107emo se susretati dijele\u0107i na\u0161a iskustva, znanja i do\u017eivljaje.<\/p>\nA sada da vam se predstavimo:\n<p style=\"text-align:justify;\">U Splitsko-dalmatinskoj \u017eupaniji u osnovnim \u0161kolama radi oko 70 stru\u010dnih suradnika pedagoga \u010diji \u0107e osnovni podatci biti dostupni na ovim stranicama kako bi se \u0161to bolje povezali.\nStru\u010dni suradnici pedagozi podijeljeni su u dva \u017eupanijska stru\u010dna vije\u0107a.<\/p>\n<p style=\"text-align:justify;\">Naime Agencija za odgoj i obrazovanje u skladu s jednom od svojih temeljnih zada\u0107a, a to je stru\u010dno usavr\u0161avanje odgojno-obrazovnih djelatnika, formira \u017eupanijska vije\u0107a po predmetnim podru\u010djima i imenuje njihove voditelje. Voditelje predla\u017eu i imenuju predmetni savjetnici, a potvr\u0111uje ih ravnatelj Agencije.\nVi\u0161a savjetnica za stru\u010dne suradnike pedagoge za podru\u010dje Splitsko-dalmatinske kao i podru\u010dje Zadarske, \u0160ibensko-kninske i Dubrova\u010dko-neretvanske \u017eupanije je \u0110ur\u0111ica Kaurloto Martini\u0107. Voditeljice \u017eupanijskih stru\u010dnih vije\u0107a za Splitsko-dalmatinsku \u017eupaniju su Agnes Jela\u010di\u0107 iz Osnovne \u0161kole Gripe i Deana Gai\u0107 Kali\u010danin iz Osnovne \u0161kole Poji\u0161an u Splitu.<\/p>\n<p style=\"text-align:justify;\">Nadamo se da \u0107ete svojim prilozima, prijedlozima i idejama svakodnevno oboga\u0107ivati ove stranice, da \u0107e na\u0161 Svijet neprekidno postajati bolji i sadr\u017eajniji, ali da \u0107emo na ovaj na\u010din ostvariti i \u00a0suradnju s kolegama drugih \u017eupanija i drugih predmetnih podru\u010dja.<\/p>\n<p style=\"text-align:justify;\"><strong><em>Ne zaboravite da ni\u0161ta ne mo\u017ee napredovati ako se trude samo pojedinci, zato zovite, predla\u017eite, komentirajte, \u0161aljite svoje priloge\u00a0 i pomognite\u00a0 da na\u0161 Pedago\u0161ki svijet \u017eivi i raste.<\/em><\/strong><\/p>\n<p style=\"text-align:right;\"><strong>\u0110ur\u0111ica Kaurloto Martini\u0107<\/strong><\/p>","protected":false},"excerpt":{"rendered":"<p>Pedago\u0161ki svijet nastao je kao potreba da se sazna tko su, \u0161to rade i s kojim problemima se susre\u0107u pedagozi Splitsko-dalmatinske \u017eupanije. Htjeli smo zabilje\u017eiti sve ono dobro i kvalitetno \u0161to nastaje u na\u0161im \u0161kolama kao primjere dobre prakse, podijeliti &hellip;<\/p>\n<p class=\"read-more\"><a href=\"http:\/\/www.st-pedagozi.net\/?page_id=751\">Read more &raquo;<\/a><\/p>\n","protected":false},"author":2,"featured_media":0,"parent":0,"menu_order":2,"comment_status":"open","ping_status":"closed","template":"","meta":{"footnotes":""},"_links":{"self":[{"href":"http:\/\/www.st-pedagozi.net\/index.php?rest_route=\/wp\/v2\/pages\/751"}],"collection":[{"href":"http:\/\/www.st-pedagozi.net\/index.php?rest_route=\/wp\/v2\/pages"}],"about":[{"href":"http:\/\/www.st-pedagozi.net\/index.php?rest_route=\/wp\/v2\/types\/page"}],"author":[{"embeddable":true,"href":"http:\/\/www.st-pedagozi.net\/index.php?rest_route=\/wp\/v2\/users\/2"}],"replies":[{"embeddable":true,"href":"http:\/\/www.st-pedagozi.net\/index.php?rest_route=%2Fwp%2Fv2%2Fcomments&post=751"}],"version-history":[{"count":1,"href":"http:\/\/www.st-pedagozi.net\/index.php?rest_route=\/wp\/v2\/pages\/751\/revisions"}],"predecessor-version":[{"id":1825,"href":"http:\/\/www.st-pedagozi.net\/index.php?rest_route=\/wp\/v2\/pages\/751\/revisions\/1825"}],"wp:attachment":[{"href":"http:\/\/www.st-pedagozi.net\/index.php?rest_route=%2Fwp%2Fv2%2Fmedia&parent=751"}],"curies":[{"name":"wp","href":"https:\/\/api.w.org\/{rel}","templated":true}]}}

<p style="text-align:justify;"><strong>Pedagoški svijet</strong> nastao je kao potreba da se sazna tko su, što rade i s kojim problemima se susreću pedagozi Splitsko-dalmatinske županije. Htjeli smo zabilježiti sve ono dobro i kvalitetno što nastaje u našim školama kao primjere dobre prakse, podijeliti novosti i informacije te prenijeti zanimljivosti s naših stručnih usavršavanja. Ideja se rađala dugo, ali naravno ništa se ne događa samo od sebe, pa tako ni ovog našeg &#8220;svijeta&#8221; ne bi bilo da nije bilo truda, dobre volje i kreativnosti naše voditeljice županijskog stručnog vijeća Agnes Jelačić. Ona je udarila temelje i započela slagati opeke, za koje se  nadamo, da će s vremenom  zaista prerasti u svijet u kojem ćemo se susretati dijeleći naša iskustva, znanja i doživljaje.</p>
A sada da vam se predstavimo:
<p style="text-align:justify;">U Splitsko-dalmatinskoj županiji u osnovnim školama radi oko 70 stručnih suradnika pedagoga čiji će osnovni podatci biti dostupni na ovim stranicama kako bi se što bolje povezali.
Stručni suradnici pedagozi podijeljeni su u dva županijska stručna vijeća.</p>
<p style="text-align:justify;">Naime Agencija za odgoj i obrazovanje u skladu s jednom od svojih temeljnih zadaća, a to je stručno usavršavanje odgojno-obrazovnih djelatnika, formira županijska vijeća po predmetnim područjima i imenuje njihove voditelje. Voditelje predlažu i imenuju predmetni savjetnici, a potvrđuje ih ravnatelj Agencije.
Viša savjetnica za stručne suradnike pedagoge za područje Splitsko-dalmatinske kao i područje Zadarske, Šibensko-kninske i Dubrovačko-neretvanske županije je Đurđica Kaurloto Martinić. Voditeljice županijskih stručnih vijeća za Splitsko-dalmatinsku županiju su Agnes Jelačić iz Osnovne škole Gripe i Deana Gaić Kaličanin iz Osnovne škole Pojišan u Splitu.</p>
<p style="text-align:justify;">Nadamo se da ćete svojim prilozima, prijedlozima i idejama svakodnevno obogaćivati ove stranice, da će naš Svijet neprekidno postajati bolji i sadržajniji, ali da ćemo na ovaj način ostvariti i  suradnju s kolegama drugih županija i drugih predmetnih područja.</p>
<p style="text-align:justify;"><strong><em>Ne zaboravite da ništa ne može napredovati ako se trude samo pojedinci, zato zovite, predlažite, komentirajte, šaljite svoje priloge  i pomognite  da naš Pedagoški svijet živi i raste.</em></strong></p>
<p style="text-align:right;"><strong>Đurđica Kaurloto Martinić</strong></p>

<p>Pedagoški svijet nastao je kao potreba da se sazna tko su, što rade i s kojim problemima se susreću pedagozi Splitsko-dalmatinske županije. Htjeli smo zabilježiti sve ono dobro i kvalitetno što nastaje u našim školama kao primjere dobre prakse, podijeliti &hellip;</p>
<p class="read-more"><a href="http://www.st-pedagozi.net/?page_id=751">Read more &raquo;</a></p>
